*w - 1138. Determine x(-8).
-370
Let g(z) = -z**2 - 51*z + 1426. Determine g(18).
184
Let g(m) = 2*m**3 - 4*m**2 - 151*m + 459. What is g(3)?
24
Let k(l) = -11*l + 343. What is k(31)?
2
Let b(c) = 2*c**2 + 2*c. Determine b(2).
12
Let r(h) = -33*h**2 - 3831*h - 362. Determine r(-116).
-14
Let x(g) = -8284*g + 41427. Calculate x(5).
7
Let i(h) = 659*h + 23729. What is i(-36)?
5
Let j(s) = -45*s + 1975. Determine j(44).
-5
Let n(g) = 5*g**2 + 114*g + 150. Calculate n(-22).
62
Let n(d) = -3*d**3 + 38*d**2 - 102*d - 30. Give n(11).
-547
Let k(v) = -v**2 - 170*v - 2997. Determine k(-20).
3
Let a(q) = -q**3 - 5*q**2 - 8*q - 36. Determine a(-5).
4
Let z(i) = -43*i - 2248. Determine z(-50).
-98
Let y(p) = 55*p + 137. What is y(-2)?
27
Let h(x) = -87*x + 213. What is h(2)?
39
Let x(q) = -38*q + 5050. Determine x(123).
376
Let x(d) = d**2 - 19*d - 265. Give x(-9).
-13
Let w(h) = -2*h + 116. What is w(-6)?
128
Let x(d) = -145*d + 15214. Determine x(105).
-11
Let q(b) = b**2 + 85*b - 826. Determine q(9).
20
Let i(f) = -f**2 + 6*f - 23. Determine i(3).
-14
Let o(y) = 13*y**2 - 240*y + 47. What is o(18)?
-61
Let u(l) = l**3 - 7*l**2 + 13*l - 29. Give u(5).
-14
Let h(d) = 81*d + 56. Calculate h(-2).
-106
Let r(m) = 34*m**2 - 475*m - 23. Determine r(15).
502
Let q(o) = 54*o - 1133. Give q(19).
-107
Let n(t) = -8*t**2 - 120*t + 8. Determine n(-15).
8
Let u(h) = -6*h**2 - 59*h + 66. Give u(1).
1
Let j(x) = 3*x**2 + 89*x - 949. Determine j(-38).
1
Let u(x) = -5*x + 275. Determine u(56).
-5
Let m(z) = -185*z**2 + 6291*z - 28. What is m(34)?
6
Let m(z) = 19*z**2 - 3*z + 6. Calculate m(-2).
88
Let k(f) = f**3 - 4*f**2 - 546*f + 2694. Calculate k(5).
-11
Let x(a) = -2*a**2 - 110*a - 1486. Give x(-26).
22
Let l(d) = d - 59. Calculate l(7).
-52
Let u(s) = s**3 + 3*s**2 - 114*s - 428. What is u(-4)?
12
Let s(l) = l**3 + 13*l**2 + 39*l - 23. Calculate s(-7).
-2
Let k(t) = -t**3 - 2*t**2 + 36*t - 135. Determine k(4).
-87
Let s(i) = 2*i**3 - 6*i**2 - 34*i + 238. What is s(7)?
392
Let a(x) = -x**2 + 39*x - 377. Give a(21).
1
Let p(t) = 7*t**2 + 11*t - 12. Determine p(1).
6
Let f(b) = -b + 26. What is f(8)?
18
Let s(l) = 118*l + 21. What is s(-1)?
-97
Let o(d) = -63*d + 567. Determine o(10).
-63
Let z(o) = -1287*o - 5156. Give z(-4).
-8
Let h(s) = -13*s**2 + 86*s - 6. Calculate h(8).
-150
Let o(f) = -64*f + 4675. What is o(73)?
3
Let v(z) = -2*z**3 + 65*z**2 - 359*z + 13. Determine v(7).
-1
Let a(m) = 4*m**3 - 38*m**2 + 227*m - 1873. Determine a(9).
8
Let m(k) = -22*k - 579. Give m(-25).
-29
Let l(a) = 3499*a + 62976. What is l(-18)?
-6
Let r(h) = -149*h + 2650. Determine r(20).
-330
Let a(n) = -91*n + 848. Give a(11).
-153
Let s(h) = h**3 + 10*h**2 + 15*h + 67. Calculate s(-10).
-83
Let m(t) = 11*t**2 - 17*t - 19. What is m(-2)?
59
Let i(g) = g**3 - 32*g**2 - 38*g + 123. What is i(33)?
-42
Let h(b) = 5*b**2 + 248*b + 1470. What is h(-6)?
162
Let t(l) = -l**2 - 379*l + 1142. Give t(3).
-4
Let w(f) = -3*f**2 - 174*f - 632. What is w(-4)?
16
Let u(d) = 3502*d + 38506. Give u(-11).
-16
Let l(c) = 14*c**2 - 1828*c - 789. Calculate l(131).
-3
Let d(s) = 18*s**2 - 96*s - 44. Determine d(7).
166
Let x(a) = -419*a - 844. What is x(-2)?
-6
Let y(g) = 2*g**3 - 23*g**2 + 39*g + 7. What is y(9)?
-47
Let k(u) = 6*u**3 + 51*u**2 + 9*u + 8. Determine k(-8).
128
Let h(a) = 5*a**2 - 113*a + 221. Give h(2).
15
Let d(w) = w**3 - 2*w**2 - 41*w - 23. Determine d(-5).
7
Let z(p) = 7*p - 245. Calculate z(13).
-154
Let j(b) = -758*b - 3025. Calculate j(-4).
7
Let d(a) = -a**3 - 2*a**2 + 3*a - 23. What is d(-6)?
103
Let r(m) = -7*m**2 - 1263*m - 1802. Give r(-179).
-12
Let x(g) = -64*g**2 + 368*g - 20. Calculate x(6).
-116
Let m(s) = 51*s + 1386. Calculate m(-27).
9
Let y(f) = -492*f - 6898. Give y(-14).
-10
Let l(v) = -v**3 + 2*v**2 + 9*v - 2. Give l(6).
-92
Let q(i) = -293*i**2 - 1177*i - 11. Give q(-4).
9
Let n(s) = -s**2 + 19*s + 76. Give n(23).
-16
Let j(v) = 2*v**3 - 16*v**2 - 130*v - 38. What is j(13)?
-38
Let f(l) = -2*l**3 - 18*l**2 + 15*l + 40. What is f(-8)?
-208
Let i(r) = 2307*r + 2294. Determine i(-1).
-13
Let z(j) = 4*j**2 - 12*j + 53. Calculate z(4).
69
Let o(x) = -x**3 + 25*x**2 + x - 15. Give o(25).
10
Let g(j) = 4*j**3 + 6*j - 5. Give g(3).
121
Let o(c) = -c**2 + 264*c - 4663. What is o(19)?
-8
Let j(c) = 2038*c + 4001. Determine j(-2).
-75
Let z(c) = c**3 + 6*c**2 - 53*c + 17. Calculate z(6).
131
Let z(o) = 21*o**2 - 5*o + 1. Determine z(2).
75
Let t(g) = -28*g + 187. Determine t(10).
-93
Let d(p) = -p**2 + 22*p + 22. Give d(12).
142
Let z(w) = w + 42. Give z(21).
63
Let z(a) = 8*a**3 - 40*a**2 + 43*a - 30. Give z(4).
14
Let s(o) = -17*o + 261. Give s(18).
-45
Let v(a) = -39*a**2 - 123*a - 6. Give v(-4).
-138
Let x(v) = 7*v - 7. Calculate x(-2).
-21
Let b(n) = -6*n**2 + n - 2. Calculate b(2).
-24
Let l(p) = 371*p - 834. Calculate l(2).
-92
Let f(s) = -5*s**3 + s**2 - 1337*s + 1336. What is f(1)?
-5
Let u(o) = -5*o**3 - 3*o**2 - 5*o - 4. Calculate u(-1).
3
Let i(p) = 5*p**2 - 54*p + 7. Determine i(11).
18
Let q(l) = 2*l**3 - 4*l**2 - 5*l - 3. Give q(-3).
-78
Let n(o) = o**3 - 55*o**2 - 304*o + 198. Give n(60).
-42
Let s(m) = -2*m**3 - 10*m**2 - 6*m - 27. Determine s(-5).
3
Let t(k) = 3*k**2 + 550*k + 688. What is t(-182)?
-40
Let t(v) = 6*v**2 - 32*v - 127. Calculate t(-3).
23
Let i(a) = 11*a**3 - 160*a**2 - 456*a - 45. Determine i(17).
6
Let h(x) = 3*x**2 - 26*x - 344. Give h(-11).
305
Let d(g) = 57*g - 1876. Give d(34).
62
Let j(s) = -63*s - 254. Calculate j(-6).
124
Let n(a) = 35*a - 2217. What is n(62)?
-47
Let p(u) = -u**3 - 11*u**2 + 19*u - 21. Give p(-13).
70
Let s(i) = -23*i + 589. Calculate s(23).
60
Let n(z) = -z**2 + 10*z + 494. Calculate n(27).
35
Let d(x) = 3*x**3 - 25*x**2 + 8*x + 13. What is d(8)?
13
Let c(r) = r**3 - 8*r**2 - 7*r + 41. Give c(4).
-51
Let k(f) = f**2 + 39*f - 304. Determine k(7).
18
Let s(i) = 107*i - 2040. Calculate s(19).
-7
Let z(b) = -25*b**2 + 4*b + 3. Calculate z(-1).
-26
Let d(m) = -6*m**2 + 69. Determine d(3).
15
Let b(n) = 8*n**2 - 18*n - 5. Calculate b(-3).
121
Let q(t) = -2*t**3 - 17*t**2 - 15*t - 5. Give q(-1).
-5
Let i(j) = -16*j**2 - 527*j - 481. What is i(-32)?
-1
Let v(s) = -24*s + 454. Determine v(24).
-122
Let w(f) = 7*f**2 - 64*f + 156. Give w(5).
11
Let c(a) = -307*a - 3902. Determine c(-13).
89
Let o(a) = 61*a**2 + 1707*a - 22. Calculate o(-28).
6
Let x(n) = 221*n + 10832. Give x(-49).
3
Let a(m) = -11*m**2 + 99*m - 338. What is a(5)?
-118
Let m(n) = n**2 - 251*n - 2059. Calculate m(-8).
13
Let o(u) = -5*u**2 - 31*u + 185. Determine o(5).
-95
Let r(j) = j**3 - 6*j**2 + 18*j - 63. Give r(4).
-23
Let s(b) = -b**3 + 11*b**2 + 8*b + 41. Determine s(12).
-7
Let y(d) = d**2 + 99*d - 1319. Give y(-111).
13
Let t(h) = 6*h**3 + 132*h**2 - 8*h - 173. Give t(-22).
3
Let v(n) = -n**3 - 187*n**2 - 730*n + 374. What is v(-183)?
8
Let k(s) = -349*s - 6987. What is k(-20)?
-7
Let h(c) = -2554*c - 7661. Calculate h(-3).
1
Let f(w) = -w**2 + 20*w + 17. What is f(17)?
68
Let v(k) = -3338*k + 66769. Calculate v(20).
9
Let c(v) = 5*v**2 - 250*v + 276. Determine c(49).
31
Let z(d) = d**2 + 876*d + 12899. Determine z(-15).
-16
Let l(q) = q**2 - 11*q - 28. Give l(0).
-28
Let z(w) = 2*w**2 + 73*w + 888. Calculate z(-20).
228
Let k(b) = 2*b - 24. What is k(0)?
-24
Let u(k) = -k**2 + 1335*k - 62996. Give u(49).
18
Let h(f) = -2*f**3 - f**2 + 105*f - 104. What is h(1)?
-2
Let y(p) = -5*p**2 - 222*p + 92. What is y(-45)?
-43
Let u(h) = -h**3 + 4*h**2 + 191*h + 515. Determine u(-3).
5
Let x(q) = 808*q - 2399. Determine x(3).
25
Let x(v) = 1249*v + 13738. What is x(-11)?
-1
Let i(w) = -w**3 + 9*w**2 + 27*w - 151. What is i(10)?
19
Let j(p) = 2*p**2 - 85*p + 392. Calculate j(5).
17
Let s(z) = -99*z + 4856. Calculate s(49).
5
Let u(v) = -11*v**3 + 58*v**2 - 8*v + 8. Calculate u(5).
43
Let t(u) = -10*u**3 + 2*u**2 + 2*u - 6. Give t(2).
-74
Let c(n) = 60*n + 1072. What is c(-18)?
-8
Let s(m) = -m**3 - 17*m**2 - 52*m - 337. Calculate s(-15).
-7
Let o(f) = 15*f**2 + f - 6. What is o(-2)?
52
Let a(q) = 269*q**2 + q. Calculate a(1).
270
Let h(a) = -a**2 - 141*a + 146. What is h(-142)?
4
Let c(m) = 40*m**2 - 487*m + 56. What is c(14)?
1078
Let i(l) = 2*l**2 + 17*l - 232. What is i(-16)?
8
Let o(n) = 2*n**3 + 45*n**2 - 22*n - 24. Calculate o(-23).
-47
Let a(g) = -